q - 1543 = 0. What is the hundreds digit of s?
0
Let q(a) = 5*a**3 + 93*a**2 + 62*a - 19. What is the hundreds digit of q(15)?
7
Suppose -25*d = -33*d + 160. Suppose -2*k - o + 302 = 0, d*k = 15*k - 3*o + 756. What is the units digit of k?
0
Suppose 5*m = -5, 2*m = -5*o + 53 + 40. Suppose -20 = 14*w - o*w. Suppose -w = -d, -3*d - d = p - 71. What is the units digit of p?
5
Let z = -103 + 104. What is the tens digit of 5095/10 - z - (-9)/6?
1
Suppose 0 = -a - u + 27639, -5*u = -a + 21452 + 6217. What is the units digit of a?
4
Let j = 508 - 280. Let h = j - -69. What is the hundreds digit of h?
2
Let w = 43577 + -10161. What is the thousands digit of w?
3
Let a(l) = 55*l**3 + 2*l + 1. Let m be a(-1). Let d = 28 + m. What is the units digit of (-4)/(11/(-7) - (-12)/d)?
2
Let w = -14916 + 24881. What is the hundreds digit of w?
9
What is the units digit of 9066*(-195)/(-90) + 15?
8
Suppose 23*j - 25*j = 97*j - 2764971. What is the tens digit of j?
2
Let a(o) = -8*o + 75. Let l be a(9). Suppose -l*t + 5*r + 50 = -52, 4*t + 5*r - 171 = 0. What is the units digit of t?
9
What is the hundreds digit of (1 - (-9)/(-7)) + 5705434/931?
1
What is the units digit of (315/(-42) + 7)*(1 + -112383)?
1
Let k = -323 - -194. Let o = k + 413. What is the tens digit of o?
8
Let m be (10 - 4) + -2 + 1 + -1. Suppose -5*d + 5290 = 6*z - 3*z, m = 2*d. What is the hundreds digit of z?
7
Suppose -313*b + 32385 + 200800 = 0. What is the tens digit of b?
4
Suppose -4*j - 32 = -2*i - 0*j, -3*j = 9. Suppose 5*k - i = -2*r + 99, -5*k + 193 = 4*r. Let t = 144 - r. What is the units digit of t?
2
Let g = 32 - -1905. Suppose -10829 = -9*m - g. What is the units digit of m?
8
Let j = -670 - -681. Suppose -8593 = -j*h + 2770. What is the units digit of h?
3
Let g(i) = -i**3 - 12*i**2 - 18*i + 20. Let w be g(-10). Suppose 0 = 3*s - 3*r - 1080, r + 2 = -w. What is the units digit of s?
8
Let m = 47131 + -29796. What is the units digit of m?
5
What is the hundreds digit of 704 + (-850)/(-110) + (-9)/(-33)?
7
Let o(n) = 14*n - 10. Let c = -36 - -44. Let t be -9*4/8*c/(-6). What is the units digit of o(t)?
4
Let b(g) = -3120*g**3 - 33*g**2 - 3. What is the ten thousands digit of b(-2)?
2
Suppose 6*z = 5*n + 7*z - 54, -4*n = 5*z - 39. Suppose n*y + 1048 = 13*y. What is the units digit of y?
4
Suppose -68018 + 8994 = -265*i + 249*i. What is the tens digit of i?
8
Suppose -5*r + 9*s = 12*s - 49151, -4*s = -3*r + 29508. What is the tens digit of r?
3
Suppose 2*d - 5958 = -3*u, 4*d - 6*d + 3*u + 5934 = 0. Suppose 5*t - 8*t + d = 3*r, -5*r + 4934 = -2*t. What is the units digit of r?
8
Let x = 6379 + -3167. Let v = -2044 + x. What is the units digit of v?
8
Suppose 0 = 4*b - 2393 + 625. Suppose 5*k - 83 = b. What is the units digit of k?
5
Suppose 20879 = -31*y + 90536. What is the thousands digit of y?
2
Suppose 140 = 4*g - 184. Let s = g + 248. What is the units digit of s?
9
Let c(i) = 1195*i**2 - 15*i + 40. What is the thousands digit of c(6)?
2
Let p = 1060 + -1055. Let f(g) = -40*g + 3. Let n be f(-7). Suppose 0 = 2*c + p*k - n, c + 0*k = k + 159. What is the tens digit of c?
5
What is the thousands digit of -7*(-1418 + (-10)/2)?
9
Suppose 118*n - 44842 = -5*t + 119*n, t = 5*n + 8978. What is the hundreds digit of t?
9
Suppose 0*g + 1826 = 11*g. Let o = -117 + g. What is the units digit of o?
9
Suppose -62873 = -78*a + 294047 - 23860. What is the units digit of a?
0
Let y(d) be the third derivative of -d**6/120 + d**5/4 - 5*d**4/24 - 11*d**3/6 + d**2 + 15*d. What is the tens digit of y(7)?
4
Let t = -32660 - -57242. What is the ten thousands digit of t?
2
Let t be -6 + (1205 - (0 + 0)). Suppose -38*n + t + 3133 = 0. What is the tens digit of n?
1
Suppose 9 = 4*y - 4*o - 7, 0 = y + 3*o + 16. What is the tens digit of -318*(-15)/(-90)*3/y?
5
What is the tens digit of ((-95)/15 + 4)/((-10)/11550)?
9
Let r(q) = 3*q**2 + 3*q. Let b be r(-2). Let o be 22/b - 8/(-24). What is the units digit of (12/o*1 + -50)*-1?
7
Let d = 23256 - 15052. What is the units digit of d?
4
Let m be (156/(-16))/(2/(-8)). Let w(i) = -i**2 + 42 + m - i - 6*i + 6*i. What is the units digit of w(0)?
1
Suppose 15 = y - 4*d - 3, -5*y + 2*d + 54 = 0. Suppose 7*u + 6 = y*u. Suppose -u*c + 60 = 2*s, -4*c - 9*s + 6*s + 115 = 0. What is the units digit of c?
5
Let q = 14 + -5. What is the tens digit of (-60)/(-6 + q)*-7?
4
Let r(p) = -2*p - 16. Let s = -48 - -39. Let q be r(s). Suppose -q*a = 3*f - 132 - 21, 0 = 5*f - 15. What is the tens digit of a?
7
What is the units digit of (3452/7)/((-80)/(-3080))?
6
Suppose 137 = 3*p - 1021. Let q = p - 276. Suppose 3*k = k + q. What is the tens digit of k?
5
Let d = 57614 + -24904. What is the ten thousands digit of d?
3
Suppose -136*t = 3*y - 133*t - 6165, -2*y + 2*t = -4138. What is the tens digit of y?
6
Let s(j) = j**3 + 16*j**2 + 65*j - 262. What is the units digit of s(15)?
8
Let n = -4039 - -22672. What is the tens digit of n?
3
What is the units digit of 29/(2001/2362376) + 3*(-2)/(-9)?
8
Suppose 250 = 4*h + 234. What is the tens digit of (-629)/(-2) + h/(-8)?
1
Suppose 0 = -o - 4*v + 3, -3*o = -6*o + 2*v - 33. Let g be ((-87)/o)/((-4)/372). Let q = -616 - g. What is the units digit of q?
3
Let y = 1802 + 11040. What is the tens digit of y?
4
Suppose 3*k - 742*q = -746*q + 39191, -k = 2*q - 13059. What is the hundreds digit of k?
0
Let m be (-187)/(-33) + 0 + (-4)/6. Suppose m*u + 528 = l + u, 0 = -2*l + u + 1077. What is the units digit of l?
0
Let h(m) = 273*m**2 + 84*m - 281. What is the thousands digit of h(3)?
2
Suppose 2*p = -z + 3*p + 8, -15 = 5*p. Let r(c) = -c**3 + 7*c**2 - 7*c - 4. What is the tens digit of r(z)?
1
Suppose -2*s + 10988 = -4615 - 257. What is the tens digit of s?
3
Suppose 0 = v + 132 + 80. Let s = 475 + v. Suppose 265*p = s*p + 306. What is the hundreds digit of p?
1
Suppose 281 = -z + 1270. Let t = -551 + z. What is the tens digit of t?
3
Suppose 3*o - 17 = -5*k, -4 - 8 = -3*o. Suppose 0*u = -u - 1, -3*u + k = -s. What is the units digit of (2 + -5)/(6/s)?
2
Suppose 8*u + 6*f = 4*u - 6, -3*u + 5*f + 5 = 0. What is the tens digit of -34 + 1766 + (u/2 - -2)?
3
Suppose 0 = -5*f - s - 5, -4*f - 47 + 42 = s. Suppose -40*y + 20*y + 6700 = f. What is the tens digit of y?
3
Suppose 0 = 4*j - 0*j - 48. Suppose -9*n + j*n = 0. Suppose -4*z - b + 36 = n, 0*b - 2*b = 0. What is the units digit of z?
9
Suppose -5*s + 9 = g, 5*g - 3*s - 23 = -6. Let z be 3 + (-1 + 313)/g. Suppose 3*j = -5*c + 151, 2*j - z = -3*c + 9. What is the tens digit of c?
3
Let t be (1/(-7))/(2/(-7))*0. Suppose -4*f + g + 2331 = t, g + 1165 = 7*f - 5*f. What is the hundreds digit of f?
5
What is the thousands digit of (-83)/166 - (-7311)/2?
3
Let s = -74 + 77. Let h(n) = 22*n**2 + 6*n - 7. Let o be h(s). Suppose -3*y = -5*q + 647 + 391, 0 = q - 2*y - o. What is the tens digit of q?
0
Suppose -3*h + 18*h = 90. Let s(i) be the second derivative of 4*i**3/3 + 18*i**2 - 5*i. What is the tens digit of s(h)?
8
Let m(i) = 263*i + 6. Let f be m(-1). Let n = 582 + f. Suppose 5*r - n = 125. What is the units digit of r?
0
Suppose 4*x - q = 2*x + 687, 2*x + 5*q - 669 = 0. Suppose -116*i = -127*i + 33. Suppose y = 3*y + 4*s - 226, i*y = -5*s + x. What is the hundreds digit of y?
1
Suppose -3*o + 9*b = 5*b - 9673, -3*o = 4*b - 9713. What is the units digit of o?
1
Let y = -898 + 865. Let c(b) = -8*b**2 - 306*b - 36. What is the tens digit of c(y)?
5
Let l = 31 + -27. Suppose 0 = l*w + 291 - 1855. Suppose 0*f + 5*j = 3*f - 205, -5*f + w = 4*j. What is the units digit of f?
5
Let r(l) = 244*l**2 + 114*l + 25. What is the thousands digit of r(-8)?
4
Let r = 366 + 1763. What is the tens digit of r?
2
Suppose -37*j = -45*j + 216. Suppose 8*n - j = -n. Suppose -n*c = -k - 4*k - 56, 5*k + 2 = c. What is the tens digit of c?
2
Suppose 5*z + 3*r = -27, 6*z - 3*r = 2*z. Let x be (-24)/40 - z/5. Let k = 82 + x. What is the units digit of k?
2
Let y(l) = l**2 - 41*l - 162. Let v be y(-4). Let m = 743 + -378. Suppose m = 23*b - v*b. What is the tens digit of b?
7
Suppose -p = 28 + 14. Let f = p + 90. What is the units digit of (3/(-4))/((-12)/f)?
3
Suppose 20*o = -15*o + 247555. What is the tens digit of o?
7
Let f(p) = 27*p**2 + 14*p - 39. Suppose 0 = -4*l + 5*d + 16, 0 - 8 = -2*l - 2*d. What is the units d